e the greatest common factor of 20 and 746.
2
What is the highest common factor of 24 and 1128?
24
What is the highest common factor of 4784 and 104?
104
What is the greatest common divisor of 81 and 2997?
81
What is the greatest common factor of 42 and 560?
14
Calculate the greatest common divisor of 108 and 3468.
12
Calculate the highest common factor of 120 and 135.
15
What is the greatest common factor of 36 and 11052?
36
Calculate the greatest common factor of 196 and 100.
4
What is the greatest common factor of 340 and 120?
20
What is the greatest common divisor of 12861 and 9?
9
Calculate the greatest common factor of 767 and 26.
13
Calculate the highest common divisor of 2280 and 1235.
95
Calculate the greatest common divisor of 2460 and 90.
30
What is the highest common factor of 2378 and 638?
58
What is the greatest common divisor of 133 and 589?
19
What is the highest common divisor of 12 and 654?
6
What is the greatest common divisor of 1275 and 2325?
75
What is the highest common divisor of 104 and 143?
13
Calculate the highest common divisor of 1070 and 70.
10
What is the greatest common divisor of 9477 and 39?
39
What is the highest common factor of 28 and 1582?
14
What is the greatest common divisor of 46298 and 14?
14
What is the highest common factor of 579 and 12352?
193
Calculate the highest common factor of 5280 and 60.
60
What is the greatest common factor of 546 and 1547?
91
Calculate the greatest common divisor of 37 and 11063.
37
What is the highest common divisor of 113 and 6667?
113
What is the highest common factor of 9 and 1953?
9
Calculate the highest common divisor of 57 and 243.
3
What is the greatest common divisor of 3871 and 392?
49
Calculate the highest common divisor of 1175 and 47.
47
Calculate the greatest common factor of 380 and 590.
10
Calculate the greatest common divisor of 5562 and 108.
54
What is the highest common divisor of 57 and 399?
57
Calculate the highest common factor of 14 and 182.
14
What is the greatest common factor of 4 and 1696?
4
Calculate the greatest common factor of 228 and 21774.
114
Calculate the greatest common factor of 540 and 40.
20
What is the greatest common divisor of 17 and 59?
1
Calculate the highest common divisor of 138 and 506.
46
What is the greatest common factor of 540 and 756?
108
Calculate the highest common divisor of 1722 and 164.
82
Calculate the greatest common factor of 74 and 3478.
74
Calculate the greatest common divisor of 12 and 396.
12
What is the highest common factor of 9 and 36?
9
Calculate the greatest common factor of 685 and 10.
5
Calculate the highest common factor of 38 and 95.
19
What is the greatest common factor of 266 and 1792?
14
Calculate the highest common divisor of 1440 and 96.
96
What is the greatest common divisor of 323 and 204?
17
What is the greatest common divisor of 377 and 58?
29
What is the greatest common factor of 162 and 30?
6
Calculate the greatest common factor of 31457 and 166.
83
Calculate the greatest common divisor of 1100 and 165.
55
Calculate the highest common factor of 52 and 28.
4
Calculate the highest common divisor of 2093 and 184.
23
What is the greatest common factor of 12 and 1488?
12
What is the highest common divisor of 435 and 725?
145
Calculate the highest common factor of 5650 and 50.
50
Calculate the greatest common divisor of 177 and 23.
1
What is the highest common divisor of 9 and 144?
9
Calculate the greatest common factor of 55186 and 82.
82
What is the greatest common divisor of 513 and 95?
19
Calculate the greatest common divisor of 1042 and 2.
2
What is the highest common factor of 58 and 116?
58
What is the greatest common factor of 11 and 6259?
11
What is the highest common factor of 1210 and 10?
10
Calculate the greatest common divisor of 14553 and 462.
231
Calculate the greatest common factor of 75 and 555.
15
Calculate the highest common factor of 198 and 4653.
99
What is the highest common divisor of 477 and 901?
53
Calculate the greatest common factor of 5040 and 320.
80
Calculate the highest common factor of 484 and 44.
44
Calculate the highest common factor of 56 and 8.
8
Calculate the highest common divisor of 440 and 9130.
110
Calculate the greatest common divisor of 902 and 88.
22
Calculate the greatest common factor of 106 and 2.
2
Calculate the highest common divisor of 300 and 100.
100
Calculate the greatest common divisor of 1020 and 60.
60
What is the greatest common divisor of 344 and 774?
86
What is the greatest common divisor of 742 and 42?
14
What is the highest common divisor of 1661 and 11?
11
What is the greatest common divisor of 88 and 21208?
88
What is the greatest common factor of 483 and 42?
21
Calculate the greatest common divisor of 260 and 5.
5
Calculate the greatest common factor of 30 and 40.
10
What is the greatest common divisor of 2071 and 218?
109
What is the greatest common factor of 36 and 13617?
9
Calculate the highest common divisor of 364 and 455.
91
What is the greatest common divisor of 1337 and 955?
191
What is the greatest common divisor of 36 and 27?
9
Calculate the greatest common factor of 1430 and 130.
130
What is the highest common factor of 25 and 475?
25
What is the greatest common factor of 15850 and 30?
10
What is the greatest common divisor of 47437 and 41?
41
What is the highest common factor of 6 and 45?
3
What is the highest common factor of 56 and 4536?
56
Calculate the highest common factor of 96 and 96.
96
Calculate the greatest common factor of 80 and 25.
5
Calculate the greatest common divisor of 6437 and 123.
41
Calculate the highest common divisor of 3270 and 120.
30
What is the highest common factor of 27 and 63?
9
Calculate the greatest common divisor of 95 and 703.
19
What is the greatest common divisor of 33 and 99?
33
Calculate the greatest common factor of 168 and 8176.
56
What is the greatest common divisor of 45 and 81?
9
What is the greatest common factor of 258 and 9?
3
Calculate the greatest common divisor of 19 and 57247.
19
Calculate the highest common divisor of 655 and 5.
5
What is the highest common factor of 38 and 95?
19
Calculate the highest common factor of 377 and 609.
29
What is the greatest common divisor of 187 and 7157?
17
Calculate the greatest common factor of 18 and 288.
18
Calculate the greatest common divisor of 53950 and 13.
13
What is the greatest common factor of 1758 and 12?
6
What is the highest common divisor of 385 and 1015?
35
What is the greatest common factor of 672 and 1428?
84
Calculate the highest common divisor of 52 and 14352.
52
What is the greatest common factor of 77 and 12859?
77
Calculate the highest common factor of 16 and 216.
8
What is the highest common divisor of 128 and 1808?
16
What is the greatest common factor of 5 and 1280?
5
What is the highest common factor of 1895 and 3?
1
What is the greatest common divisor of 903 and 7?
7
Calculate the highest common divisor of 77 and 55.
11
Calculate the greatest common factor of 4158 and 2541.
231
What is the highest common factor of 7 and 5621?
7
What is the greatest common factor of 2175 and 15?
15
What is the highest common divisor of 44 and 1804?
44
What is the greatest common divisor of 1800 and 72?
72
Calculate the highest common divisor of 192 and 256.
64
Calculate the greatest common divisor of 1856 and 112.
16
Calculate the greatest common factor of 186 and 124.
62
What is the highest common factor of 25 and 5275?
25
Calculate the greatest common divisor of 10584 and 40.
8
Calculate the greatest common factor of 224 and 56.
56
What is the highest common factor of 136 and 40?
8
Calculate the greatest common divisor of 1880 and 920.
40
What is the greatest common factor of 4 and 2816?
4
What is the highest common divisor of 610 and 80?
10
What is the highest common factor of 329 and 21?
7
Calculate the highest common divisor of 9 and 477.
9
What is the highest common factor of 190 and 20?
10
What is the greatest common factor of 290 and 10?
10
Calculate the highest common factor of 24 and 162.
6
What is the greatest common factor of 176 and 33?
11
What is the greatest common factor of 1205 and 55?
5
What is the greatest common divisor of 12 and 3236?
4
What is the highest common factor of 65 and 13?
13
Calculate the h